r of 663172 and 464?
116
Calculate the greatest common factor of 105369 and 1739472.
93
What is the greatest common divisor of 473163 and 36?
3
Calculate the highest common divisor of 774992 and 6352.
16
What is the highest common factor of 72 and 602918118?
18
What is the highest common divisor of 99 and 2153983491?
99
Calculate the highest common divisor of 3960 and 229134312.
792
What is the greatest common factor of 14378 and 16019731?
91
Calculate the greatest common factor of 800 and 712760.
40
What is the highest common divisor of 435213 and 35621?
199
Calculate the greatest common factor of 279735 and 681615.
255
Calculate the greatest common divisor of 57993996 and 12.
12
Calculate the highest common factor of 84620 and 1220.
20
What is the greatest common divisor of 1432795 and 101990?
1645
What is the greatest common factor of 3200428 and 1243?
11
What is the greatest common divisor of 268 and 425456?
4
Calculate the highest common divisor of 509 and 2083337.
509
Calculate the greatest common divisor of 125397979 and 14.
7
What is the greatest common divisor of 1152326 and 66038?
742
Calculate the greatest common factor of 247 and 11567257.
247
Calculate the highest common factor of 7745 and 6843.
1
Calculate the highest common factor of 5564 and 134513873.
1391
Calculate the highest common divisor of 196570 and 24970.
110
Calculate the highest common factor of 100 and 117026090.
10
What is the greatest common factor of 1166716 and 310?
62
What is the highest common divisor of 259 and 737702?
7
Calculate the greatest common factor of 1547 and 997058517.
1547
What is the greatest common divisor of 19759119 and 114?
3
What is the highest common divisor of 24487821 and 14949?
1359
What is the greatest common factor of 12892 and 217844?
44
Calculate the highest common divisor of 18489 and 104641577.
6163
Calculate the greatest common divisor of 65 and 6943495.
65
What is the highest common divisor of 3473 and 1500638?
151
Calculate the highest common factor of 481431084 and 8604.
2868
Calculate the highest common factor of 13 and 183640873.
13
Calculate the highest common factor of 10336 and 5377.
19
What is the greatest common factor of 4348278 and 15840?
198
What is the highest common factor of 6080 and 716395?
95
Calculate the greatest common factor of 160 and 22523800.
40
What is the greatest common divisor of 9600 and 1237440?
960
What is the highest common factor of 10902 and 583810?
158
Calculate the highest common divisor of 84 and 11789208.
12
What is the greatest common factor of 951 and 18694758?
951
Calculate the greatest common factor of 1268129212 and 28.
28
What is the greatest common divisor of 1305 and 2120712?
87
What is the highest common factor of 494758 and 1333?
43
Calculate the highest common factor of 440 and 2114024.
88
What is the greatest common divisor of 151044 and 207532?
1228
Calculate the highest common divisor of 301943200 and 1560.
520
What is the highest common factor of 155183 and 1089448?
3167
Calculate the greatest common divisor of 1450 and 570662.
58
Calculate the greatest common divisor of 84258 and 77562.
558
What is the greatest common divisor of 26923 and 188591?
13
Calculate the greatest common factor of 16465638 and 98.
14
What is the greatest common divisor of 6960 and 36880?
80
Calculate the highest common divisor of 400 and 175582300.
100
Calculate the greatest common divisor of 4 and 41214784.
4
What is the greatest common divisor of 440622474 and 6?
6
What is the greatest common divisor of 14944 and 2560?
32
Calculate the highest common factor of 45262 and 393389.
61
Calculate the greatest common divisor of 16500 and 867624.
12
Calculate the greatest common factor of 10288 and 15615898.
1286
What is the highest common divisor of 16 and 43128256?
16
What is the highest common factor of 113870 and 10432970?
590
Calculate the greatest common divisor of 40131 and 25506.
117
Calculate the greatest common factor of 134822415 and 39.
39
Calculate the greatest common divisor of 1971 and 6777.
27
What is the highest common factor of 10120754 and 5079?
1693
Calculate the greatest common divisor of 15249421 and 781.
11
What is the highest common factor of 382290 and 2430?
30
What is the greatest common factor of 618427 and 78671?
521
What is the greatest common divisor of 5616578 and 242?
242
What is the greatest common factor of 4869122 and 4?
2
What is the highest common factor of 514140 and 3772?
164
Calculate the highest common divisor of 7601 and 1450409.
691
Calculate the highest common divisor of 1088974726 and 1022.
1022
What is the greatest common divisor of 706692 and 149037?
987
Calculate the highest common factor of 395207 and 153225.
227
What is the greatest common factor of 43505812 and 10548?
1172
Calculate the greatest common divisor of 101819070 and 270.
90
Calculate the greatest common divisor of 1964 and 105892.
4
What is the highest common divisor of 1674 and 2689870?
62
What is the greatest common divisor of 9794 and 4008734?
166
What is the highest common factor of 847 and 1474022?
121
Calculate the highest common factor of 360 and 249720.
120
Calculate the highest common factor of 136 and 16095430.
34
What is the greatest common divisor of 45106 and 42142?
38
What is the greatest common divisor of 1790986494 and 318?
318
Calculate the highest common factor of 2109 and 98160593.
703
Calculate the greatest common factor of 305246055 and 15.
15
Calculate the highest common divisor of 4363930 and 52802.
3106
Calculate the greatest common divisor of 131662408 and 327.
109
What is the highest common factor of 228 and 264786204?
228
Calculate the highest common divisor of 10258 and 20062864.
446
What is the greatest common divisor of 33527820 and 30?
30
What is the highest common factor of 760351933 and 55?
11
What is the greatest common divisor of 52 and 174862298?
26
What is the greatest common factor of 2603485 and 3335?
115
Calculate the greatest common divisor of 910 and 3603040.
70
Calculate the greatest common divisor of 52753950 and 46.
46
Calculate the highest common factor of 67351 and 4161432.
1433
What is the greatest common divisor of 38400 and 5448192?
1536
What is the greatest common factor of 276601 and 234?
13
What is the highest common factor of 18 and 5219127?
9
Calculate the highest common divisor of 21870157 and 50769.
5641
What is the greatest common divisor of 2430109 and 715?
11
What is the greatest common divisor of 17694794 and 1612?
26
Calculate the highest common divisor of 27224 and 464136.
664
What is the highest common divisor of 1334 and 6240866?
46
Calculate the greatest common factor of 185502 and 13674.
258
Calculate the greatest common factor of 7220 and 3546825.
1805
What is the greatest common factor of 1246 and 3150728?
14
Calculate the greatest common factor of 7140 and 367692.
12
Calculate the highest common divisor of 585893 and 314143.
1087
Calculate the highest common divisor of 544350 and 203415.
2865
Calculate the greatest common factor of 116606968 and 21096.
2344
Calculate the highest common divisor of 4142691 and 819.
63
Calculate the greatest common factor of 62502549 and 843.
843
What is the highest common factor of 10428 and 47913184?
3476
Calculate the greatest common divisor of 39771 and 211621.
491
What is the greatest common factor of 12502740 and 1920?
60
Calculate the highest common divisor of 10656657 and 1908.
477
Calculate the greatest common factor of 48512 and 578733.
379
Calculate the greatest common divisor of 1264 and 912528.
16
What is the greatest common factor of 6775903 and 3272?
409
Calculate the highest common divisor of 1373694 and 150.
6
Calculate the greatest common divisor of 769 and 16778042.
769
What is the greatest common divisor of 91 and 172769636?
13
What is the highest common factor of 40579147 and 7?
7
What is the highest common factor of 12 and 177151128?
12
What is the highest common factor of 2672775 and 15705?
45
Calculate the highest common divisor of 257520 and 13505.
185
What is the highest common factor of 235166014 and 1348?
674
Calculate the greatest common divisor of 35 and 1770503.
7
Calculate the greatest common divisor of 10108296 and 396.
396
Calculate the highest common factor o